derivative of -1 + 1/2*i**2 + 2/3*i**3 - i. Suppose 0 = 5*h - 3*h - 4. Determine d(h).
9
Let d(a) = -a**2 - 6*a + 5. Let h be d(-6). Suppose 5*p = p - 16, -5*v - 35 = h*p. Let z(n) = -n**3 - 2*n**2 + 2. Determine z(v).
11
Let i(l) = 9*l**2 + 4*l - 7. Let w(g) = 5*g**2 + 2*g - 3. Let c(h) = 4*i(h) - 7*w(h). Suppose 7*y - 6*y + 5 = 0. Give c(y).
8
Suppose -5*v + 8 = -3*v. Suppose 3*b - 3*g - 2*g = 1, 5 = 5*g. Let d(o) = 0*o**3 - 8*o**b + o**3 - 5*o + 5*o**2. Determine d(v).
-4
Suppose -5*h - 10 = -5*z, -2*h + 7*z = 4*z + 8. Let r(f) = -7*f + 5. Let y(m) = m**2 + 22*m - 16. Let t(q) = h*y(q) + 7*r(q). Let s = 7 + -4. Calculate t(s).
6
Let m = -61 - -63. Let g(p) = -5*p + 12*p + m + 1 - 4. What is g(4)?
27
Let a(w) = w**3 + 9*w**2 + 4*w - 6. Let g(r) = -r**3 - 9*r**2 - 2*r + 5. Let i(s) = -3*a(s) - 2*g(s). Determine i(-8).
8
Let x(f) be the first derivative of 9 - f - 1/4*f**4 + 4/3*f**3 - 1/2*f**2. Determine x(4).
-5
Suppose u + 6 = -4*u - i, 8 = -4*u - 4*i. Let q be -12*-2*u/(-4). Let k(p) = -16*p**2 - 158 + 17*p**2 - 158 + 313 - 7*p. Calculate k(q).
-9
Let o(n) be the second derivative of n**5/20 - 5*n**4/6 + n**3/3 + n**2/2 + 31*n + 2. Determine o(10).
21
Let r = 237 + -226. Let h(v) = -2*v + 12. Determine h(r).
-10
Let q(h) = 3*h + 1. Suppose 0*t + 3*t + 216 = -3*z, 69 = -t - 2*z. Let a be 5*(3/t*-5)/(-1). What is q(a)?
-2
Let t = 86 - 80. Let j(m) = 6*m - 35. What is j(t)?
1
Let v(j) be the third derivative of j**4/6 - 7*j**3/6 - 92*j**2. Calculate v(9).
29
Let s be (29 + -15)*(-2)/(-7). Suppose s*v = -5*f, 3*f = 2*v - 0*f. Let c(x) = x - 2*x**2 + 3*x**2 + x**3 - 2*x + 8. Determine c(v).
8
Suppose -b = -6*b + 40. Suppose -m + 3 = -3*t - b, 21 = 5*m + 2*t. Let l(h) = -7*h. Let v(i) = 41*i + 2. Let u(f) = -6*l(f) - v(f). Calculate u(m).
3
Let v(m) = m**3 + 5*m**2 - 4*m - 3. Let a be -3 - (30/(-6) + 8). What is v(a)?
-15
Let c(h) = -1847*h + 3696*h - 11 - 1845*h. Give c(6).
13
Let m(i) be the first derivative of -i**2/2 - 20*i + 7. Suppose 16 = 4*j, 0 = 2*w - 5*j + 10 + 10. Give m(w).
-20
Let h(w) = -2*w - 7. Let i be 39/(-6) - 0 - (-21)/42. Determine h(i).
5
Let j(o) = o**2 + 3*o + 3. Let r = 34 + -29. Suppose 3*m = -3*s + r*m - 18, -3*s - 9 = m. Calculate j(s).
7
Let m(x) = x**3 + 2*x**2 - x + 2. Let q(u) = 2*u**3 + u**2 - u + 3. Let y(a) = -3*m(a) + 2*q(a). Let k = 54 + -51. Calculate y(k).
-6
Let f(n) = n**2 - 1. Suppose -3 + 0 = 3*a. Let l(m) = -2*m**2 - 2*m + 6. Let o(q) = a*l(q) - 3*f(q). Give o(2).
-3
Let x(c) = -c**2 + 2. Let g(j) = 6*j - 6. Let d be g(4). Suppose 3*o = 4*p + 7*o - 8, 5*p - 3*o - d = 0. Give x(p).
-7
Suppose 3*s = 31 - 10. Let f(c) = -4*c**3 + 5*c**2 - 7*c + 3. Let q(n) = -3*n**3 + 6*n**2 - 7*n + 4. Let u(w) = -2*f(w) + 3*q(w). What is u(s)?
6
Let x(z) = 34*z**3 - 2*z + 1. Let a = -427 + 428. Give x(a).
33
Let m(q) = -q**3 - q**2 - q + 2. Suppose b = 3*v + 3*b + 38, 4*v + 3*b = -51. Let c = v - -9. Give m(c).
23
Let i(b) = -9*b + 5. Let l(v) = 8*v - 4. Let o(y) = -6*i(y) - 7*l(y). Let p(r) = 2*r + 2. Let x(q) = 6*o(q) + 5*p(q). Let j be 2/(-3) + (-8)/(-3). What is x(j)?
-6
Let w(i) = -15*i + 390. Let g be w(26). Let z(c) be the third derivative of -7/24*c**4 + g - 2*c**2 + 0*c + 0*c**3. Determine z(-1).
7
Let x = 53 - 50. Suppose -2*s - 2 = -3*s - 4*i, 0 = -2*i. Let n(z) = -s*z - 2*z - x*z - z**3 + 7*z**2 + 5 + 0. Give n(6).
-1
Let l(b) be the third derivative of b**8/6720 + b**7/504 + b**6/144 - b**5/120 - 5*b**4/6 - b**2. Let h(g) be the second derivative of l(g). Give h(-4).
-5
Let l(o) be the second derivative of -o**4/12 + 19*o**3/6 + 8*o**2 - 149*o. What is l(20)?
-4
Let f(k) be the first derivative of k**4/24 - 2*k**3/3 - k**2/2 + 3. Let m(o) be the second derivative of f(o). Let n = -27 - -23. Calculate m(n).
-8
Let n(k) = 5*k**3 - 6*k - 6*k**3 - 5 + 9*k**2 - 6. Suppose -8*z + 4*z + 32 = 0. What is n(z)?
5
Let d(x) = 4*x + 37. Let f be d(-9). Let o be (-1 - -1)*3*f/(-6). Let j(b) = -b**3 - b**2 - 3. What is j(o)?
-3
Let l(p) be the second derivative of -p**5/20 + 7*p**4/6 - 13*p**3/6 + 7*p**2 + 43*p. Determine l(13).
14
Suppose -3*q - 1 + 6 = 2*c, 2*c = 5*q - 3. Let g(d) = 8*d**2 - d. Determine g(q).
7
Let f(y) = y**3 + 5*y**2 - 3*y + 7. Let z = 314 - 311. Suppose -5 = -s - 2. Suppose -q = z + s. What is f(q)?
-11
Let z(p) = 2*p**2 + 44*p + 2. Let f be z(-22). Let s(c) = -f - 67*c + 68*c + 1. Give s(-4).
-5
Let b = -9 - -20. Let d(c) = 11*c**2 - 25*c + 3. Let l(z) = -4*z**2 + 8*z - 1. Let o(q) = -3*d(q) - 8*l(q). Give o(b).
-1
Suppose -10 = -q - 2*l, 9*q - 6*q + l - 10 = 0. Let y be (2/(-2))/((-1)/2). Let v(w) = -7*w + w**2 + y + w**3 + 0*w**q + 6*w. Determine v(-2).
0
Let q(z) be the third derivative of 3*z**4/8 + 11*z**3/3 - 196*z**2. Give q(-3).
-5
Let z(b) = -2*b**3 - b**2 + 2. Let v(d) = -2*d + 4. Suppose -t = -0*h - 4*h + 13, 2*t = -h + 1. Let x be v(h). What is z(x)?
14
Suppose -p + 2 = a, 5*p - 10 = -0*a + 2*a. Let o be (-1)/((-2)/6 - 0). Let j(r) = r**3 - 3*r**o + r + 5 - r**2 + r**3. What is j(a)?
5
Let a(c) be the third derivative of -c**4/4 - 3*c**3 + 4*c**2 - 53. What is a(-2)?
-6
Let i = -66 + 69. Let x(l) = 5*l - i*l - 2*l**2 + 5*l - 5. Give x(4).
-9
Let u = 232 + -228. Let q(o) be the third derivative of 1/24*o**u + 0*o + o**2 + 1/6*o**3 + 0. Calculate q(3).
4
Let n(l) be the third derivative of l**6/120 - 7*l**5/60 - l**4/12 + 4*l**3/3 + 58*l**2. Let v = -10 + 17. Calculate n(v).
-6
Let x be (0 + 0)*(-29)/58. Let p(g) = -g**3 - g + 6. Give p(x).
6
Let b be 2 + 5 + -1 + -3. Let d(k) = k - 1. Let r(g) = 0*g - 6*g + 5*g. Let n(y) = d(y) + 2*r(y). What is n(b)?
-4
Let r(p) = -p**3 - 10*p**2 - 10*p - 12. Suppose 17*x - 12*x + 25 = 4*w, 0 = 4*x + 5*w + 61. What is r(x)?
-3
Let h(c) be the second derivative of 1/20*c**5 + 0*c**3 - 1/3*c**4 + 0 + c**2 + 8*c. What is h(3)?
-7
Let b(v) = -v**3 - 10*v**2 - 8*v - 2. Let t = 1708 - 1717. What is b(t)?
-11
Let o(n) = n**2 - 5*n + 2. Let i(b) = -b**2 + 10*b - 11. Let x be i(8). Suppose -x*p = 4*z - 0*p + 3, 5*p = 2*z - 21. Calculate o(z).
-4
Suppose 3*g - 20 = 34. Let l(v) = -v**3 + 19*v**2 - 20*v + 31. Give l(g).
-5
Let w = 48 - 39. Suppose -10*v - 3 = -w*v. Let t(g) = -g**3 - 5*g**2 - 4*g - 2. What is t(v)?
-8
Let z(n) = 5*n**3 - 10*n**2 + 9*n - 8. Let j(g) = -2*g**3 + g**2 - 1. Let m(b) = -2*j(b) - z(b). What is m(7)?
-4
Let t(w) = -w**3 - 10*w**2 - 8*w + 5. Let v(n) = -4*n**2 - 5*n - 3. Let f be v(-2). Determine t(f).
-4
Let p = 2117 + -2113. Let y(w) = -w**2 - 4*w + 34. What is y(p)?
2
Let h = 28 - 26. Let q(f) = -f - 4. Let z(b) be the third derivative of b**4/6 + 17*b**3/6 + 2*b**2. Let l(x) = h*z(x) + 9*q(x). Calculate l(-4).
2
Let h(b) = -4 + 8*b**2 + 2*b + b**3 + 5*b - 1. Let k be h(-7). Let p(r) = r**2 + 4*r - 7. Let w be p(k). Let y(m) = m**3 + m**2 - 2*m + 1. Calculate y(w).
1
Let h(o) = 5*o**2 + 27*o - 7. Let w be h(-6). Let i(z) = 5 + 31*z - 26*z - 12*z**2 + w*z**2. Calculate i(6).
-1
Let m(p) be the first derivative of p + 4/3*p**3 - 5/2*p**2 + 1/4*p**4 + 2. Let y(c) = -4*c**3 - 27*c**2 + 9*c + 9. Let l be y(-7). What is m(l)?
1
Let x(a) = a**2 + 3. Let r(z) = z**3 + 9*z**2 + 2*z + 21. Let l(o) = 5*o - 29. Let s be l(4). Let b be r(s). What is x(b)?
12
Let s = 2 - 3. Let b(r) = -r**3 - r**2 - r. Let i(g) = -5*g**3 + 8*g**2 + 8*g + 1. Let v(k) = -6*b(k) - i(k). Determine v(s).
-12
Let u(i) be the second derivative of i**4/12 - 2*i**3/3 - i**2 + 86*i. Suppose -b = 0, c - 2*b = -0*b - 3. Give u(c).
19
Suppose 3*t = 5*t. Suppose -h + u + 2 = t, 5*u = -5 - 0. Let p(i) be the second derivative of -i**5/10 + i**3/3 - i**2/2 - 44*i. Determine p(h).
-1
Suppose 91*h - 132 = 87*h. Let p = h + -35. Let l(u) = u + 1. Calculate l(p).
-1
Let o(c) be the second derivative of c**5/20 - 2*c**4/3 + 4*c**3/3 - 9*c**2/2 - 140*c + 3. Let y be 72/10 - 2/10. Calculate o(y).
-2
Let z(w) = -w - 7. Let n be (-1)/2 + (-408)/(-16). Suppose 5*u = 75 - n. Let o be u*((-1)/(-1))/(-2). What is z(o)?
-2
Let g be -2 + (-1 - 1) + 7 + 5. Let x(q) be the second derivative of -q**5/20 + 3*q**4/4 - 7*q**3/6 - 7*q**2/2 + q. Give x(g).
1
Let o(m) = -m**3 - 5*m**2 + 7*m + 8. Let y be (-1344)/(-27) - (-6)/27. Suppose 8 = 7*i + y. Let r be o(i). Let l(s) = s**3 - 4*s**2 + 3*s - 1. Give l(r).
-3
Suppose 4*x - s - 7 + 32 = 0, -15 = -x - 4*s. Let n(y) = 0*y**2 - 2*y**2 + 3*y + 3*y**2 -